pose -6*u + 16*u - 130 = 0. Calculate the highest common factor of u and 637.
13
Suppose -2 + 9 = m. Let p be (-4)/(-2)*(-9 + m). Let u be (-11)/(3/(12/p)). Calculate the greatest common divisor of u and 11.
11
Let y be (-1184)/(-18) + (-4)/(-18). Let m = -1614 - -1779. What is the highest common factor of m and y?
33
Let o(t) = -4*t**3 - 9*t**2 - 6*t - 4. Let b be o(-3). Let i = 5 + -35. Let k = b + i. Calculate the highest common divisor of 33 and k.
11
Let y = 14 + -26. Let z be (y/15)/((-6)/15). Suppose -4*x + 4 = 0, -5*s - z*x - 135 + 377 = 0. Calculate the highest common factor of s and 6.
6
Let v = -185 + 413. Let w be (174/145)/(2/95). What is the highest common factor of w and v?
57
Let c(z) = z**2 + 34*z + 65. Let h be c(-35). Calculate the greatest common factor of h and 250.
50
Let n be (-72)/(-45)*5 - -76. Calculate the highest common divisor of n and 12.
12
Let h be 4/6 + 14/6. Suppose -5*v - 148 - 663 = -h*j, 1389 = 5*j + v. Let o be (2 + j)/3 + -3. Calculate the highest common factor of 10 and o.
10
Let z be 5/(1/(-2 - -22)). Let o = 132 - z. Calculate the highest common factor of 16 and o.
16
Suppose -10*i - 15*i = -8125. What is the highest common factor of i and 75?
25
Suppose -q + 75 = 4*q. Let f = q - -1. Calculate the highest common factor of 144 and f.
16
Let o(m) = -91*m**2 - 4*m - 3. Let s be o(-1). Let w = s + 154. Calculate the highest common divisor of w and 96.
32
Suppose -4*h + 168 = -h. Suppose f - 4*f - 491 = -4*a, -5*a = -5*f - 825. Let w be 318/39 - (-26)/f. Calculate the highest common divisor of h and w.
8
Let l = 35 + -32. Suppose -208 = -4*u - 4*p, l*u + 2*u = 5*p + 220. Calculate the highest common factor of u and 32.
16
Let f(q) be the first derivative of q**3/3 + 6*q**2 - 4*q + 43. Let b be f(-13). Calculate the greatest common divisor of 36 and b.
9
Let d = 88 - 80. Let t = -4 - -8. Calculate the greatest common divisor of t and d.
4
Let q(f) = -f**3 + 6*f**2. Let h be q(6). Suppose p - 16 = -h*p. Suppose -5*n = -3*g - 4*n + 50, -g + 22 = -3*n. What is the greatest common divisor of p and g?
16
Let j = -36 - -36. Suppose j = -6*p + 2*p + 108. What is the greatest common factor of p and 27?
27
Let x(y) = -6*y - 31. Let q be x(-6). Let k = 7 - 6. Calculate the highest common factor of k and q.
1
Let u be 21 + (-1)/((-20)/(-12) - 2). What is the highest common factor of u and 3?
3
Let u(a) be the third derivative of -1/8*a**4 + 0*a + 0 + 4*a**2 - 1/3*a**3. Let d be u(-3). Calculate the greatest common factor of d and 21.
7
Suppose -2*c + 5*t = -114, 20 + 208 = 4*c - 3*t. Calculate the highest common factor of c and 817.
19
Let c = 460 - 278. Calculate the greatest common factor of c and 13.
13
Let z be 1 + 145 + 9 + -12. Calculate the greatest common factor of 117 and z.
13
Suppose -2*n + 161 = -2*f + 5*f, 3*f + 4*n = 157. Let v(h) = -h. Let j be v(1). Let x be j/(1*2/(-22)). Calculate the greatest common factor of x and f.
11
Suppose -202*m + 210*m - 528 = 0. Calculate the highest common divisor of 24 and m.
6
Suppose 13*q - 12 = 12*q. Calculate the highest common divisor of q and 162.
6
Let h(c) = -198*c - 69. Let u be h(-3). Calculate the greatest common divisor of 42 and u.
21
Let k(s) = -14*s - 3. Let y be k(-3). Suppose 56 - 41 = q. Suppose -j + q = 2. What is the highest common divisor of y and j?
13
Let t(x) = 2*x**2 - 19*x - 35. Let f be t(19). Suppose -4*a = -f - 154. Suppose 4*r = p + 93, r - 3*p = 9 + 6. What is the greatest common divisor of r and a?
24
Let z(b) = -7*b**3 + 10*b + 25. Let d be z(-2). Calculate the greatest common factor of d and 488.
61
Suppose 0 = 3*j - 656 - 79. Calculate the greatest common divisor of j and 147.
49
Suppose -2*z = -a + 13, -4*z - z + 4*a = 25. Let i = 15 + z. Calculate the greatest common factor of i and 4.
2
Let f = 448 + -315. Let q(j) = -20*j**3 + 29*j + 28. Let r be q(-1). What is the greatest common factor of f and r?
19
Suppose 10*y - 276 = 324. What is the highest common divisor of 330 and y?
30
Let v be 12/66 - 174/(-11). Let o(x) = x**3 - 14*x**2 - 21*x - 32. Let j be o(v). Calculate the highest common factor of j and 16.
16
Let v be 54 - (8/(-4) + 4). What is the greatest common divisor of v and 12?
4
Suppose t - 2*t - o = -6, -5*t + 3*o = -22. Suppose -4*b + 10 = -q - 3, -b = -t. Calculate the greatest common divisor of q and 14.
7
Let o = -3 + 6. Suppose 2*r = -4*v + 1058, -4*r + o = -r. Calculate the greatest common divisor of v and 24.
24
Suppose -45 - 17 = -2*j. Suppose 5*c + 100 = 5*v, 2*v + c - 21 = j. Let g(q) = 11*q**2 + 3*q - 2. Let p be g(1). What is the greatest common divisor of p and v?
12
Let z be -2 - -1*6*4. Let j(b) = -4*b + 20. Let n be j(4). Suppose 2*i - 5*i - n*f = -149, -2*i - 4*f = -94. Calculate the greatest common factor of i and z.
11
Let m = 499 + -495. Let q be (-1 - 0)/((-2)/(-6)). Let j = q + 9. Calculate the highest common factor of j and m.
2
Suppose 7*q = 2 + 5. Let x = -3 - -4. Calculate the greatest common divisor of q and x.
1
Suppose 0 = 2*u - 8, -2*u = 2*o - 4*u - 14. Let y(s) = -5*s**2 - 71*s + 8. Let c be y(-14). Calculate the greatest common divisor of o and c.
11
Suppose -6*n - 246 = -4*j - 4*n, 0 = 5*j + 3*n - 291. What is the greatest common divisor of j and 40?
20
Let x(h) = 28*h**2 - h - 1. Let g be x(-1). Let m(u) = 3*u**2 - 15*u - 35. Let k be m(-2). Calculate the highest common divisor of g and k.
7
Let o(k) = 3*k + 1. Let g be o(1). Suppose g*q - q = 0. Suppose q = -3*h + 4*y + 55, -11 = 2*h - 3*h + 5*y. Calculate the greatest common divisor of h and 168.
21
Suppose 0 = -3*o - 3*o + 1050. What is the greatest common divisor of o and 35?
35
Suppose h - 110 = -4*h. Calculate the highest common divisor of 363 and h.
11
Suppose 5*y = -1 + 11. Let v be ((-2)/18)/(y/(-18)). Calculate the highest common factor of 2 and v.
1
Suppose 0 = 6*t - 9*t + 360. Suppose 6*g = 10*g - t. What is the greatest common factor of 60 and g?
30
Let s(f) = 115*f**2 + 6*f - 5. Let t be s(1). What is the greatest common factor of t and 174?
58
Let b(y) = -906*y - 5. Let u be b(-1). Suppose 5*g + 185 = t, -g + u = 5*t - 2*g. Let i = 3 + 15. What is the highest common factor of i and t?
18
Suppose 3*r = -2*i + 141, i + 54 = -2*r + 149. What is the highest common divisor of r and 2891?
49
Let p(l) = -l**2 + 14*l - 10. Let o be p(7). Calculate the highest common factor of 195 and o.
39
Suppose 0*f - 4*f + 396 = -u, f = u + 96. Suppose -4*j - 4 = -f. Calculate the highest common factor of 8 and j.
8
Let l(s) = -9*s - 5. Let r be l(-1). Suppose 0 = -3*t + 6, 2*m + t + r*t = 46. Calculate the greatest common factor of m and 126.
18
Let i(q) = -q**3 + 5*q**2 + 4*q + 3. Let d = 3 + 2. Let j be i(d). Suppose 5*r = -2*t, -j = -3*r + 4*t + 3. Calculate the highest common factor of 3 and r.
1
Let w be (-2)/9*-12*-3. Let a be 1*-10*4/w. Suppose 28 = a*d - 3*d. Calculate the highest common factor of 154 and d.
14
Let i(d) = -d**3 + d**2 + 4. Let f be i(0). Suppose -o - 5*y = 8, f*y - 19 = -4*o + y. Calculate the highest common factor of o and 28.
7
Let d(u) be the second derivative of -u**3 - 12*u**2 + 4*u. Let h be d(-9). What is the highest common factor of 20 and h?
10
Suppose 0 = -18*s - 38*s + 27328. Calculate the highest common divisor of s and 8.
8
Suppose 3*u + y = -8, -3*u - 2*y = -4*u + 2. Let f be (5 + -4)*2*(-55)/u. What is the highest common divisor of f and 22?
11
Let p(w) = 13*w**2 - 20*w - 9. Let f be p(5). Calculate the highest common factor of 48 and f.
24
Let f = -345 - -367. Let v(k) = -k**3 + k + 132. Suppose l = -0*l. Let w be v(l). Calculate the highest common divisor of w and f.
22
Suppose -2*y - 156 = -14*y. Suppose -100 = -y*i + 8*i. What is the highest common factor of i and 70?
10
Suppose 950 = 22*t - 3*t. Calculate the greatest common factor of t and 10.
10
Let p = 5083 + -3407. Calculate the highest common divisor of 4 and p.
4
Suppose -5*l = -20, -2*f - l + 2*l + 4 = 0. Suppose f*o + 3*z = 38, 5*o + 3*z - 53 = 2*z. Calculate the highest common factor of o and 1.
1
Let y = 21 + -16. Let r(k) = 5*k + 20. Let f be r(y). Suppose -c - 5*b = 0, -3*c + 7 = 3*b - 29. What is the greatest common divisor of f and c?
15
Suppose -y + 19 = 2*k, 4*y - 3*y = k - 11. Let p be 9/15 + 4/k. Let j(b) = 3*b - 9. Let v be j(6)